 Let k(m) = -m**2 + 7*m + 3. Give k(n).
15
Let h(m) = 2*m - 1. Let f be h(1). Let i(z) = 4*z - f - z + 0*z. Determine i(1).
2
Let q(h) = 21*h**2 - 8*h**2 - 10*h**2 + 2 - 4*h. Determine q(2).
6
Let s(f) = -f. Let x(z) = 7*z + 6. Let y(h) = 6*s(h) + x(h). Calculate y(-3).
3
Suppose -9*n - 58 = 5. Let q(b) = b - 7. Let m(h) = 6*h - 36. Let z(f) = -4*m(f) + 22*q(f). Give z(n).
4
Let i(w) be the first derivative of -17*w**3/3 + w**2/2 + 22. Determine i(-1).
-18
Let w(u) = 5*u**2 - 2*u - 3. Let a(z) = -4*z**2 + 2*z + 2. Let g(l) = 4*a(l) + 3*w(l). Determine g(1).
0
Let m(h) = h**3 - 2*h**2 - h. Let w(p) = -p**3 - 7*p**2 - 6*p + 4. Let y be w(-6). Suppose -4*c - 1 = -5*g + 18, y*g - 9 = -3*c. Give m(g).
6
Let q(n) = 5*n**2 - 1 - 19*n**2 - 8*n + 13*n**2. Calculate q(-8).
-1
Let v = 130 + -133. Let j(f) = 0*f**2 + 4 + 4*f - f**2 + 2*f**2. Give j(v).
1
Let a(w) = -w**3 - 11*w**2 + 13*w + 13. Let b be a(-12). Let i(l) = 15*l**2 + 1. Calculate i(b).
16
Let h(i) = 20*i**2 + 29*i + 29. Let s(r) = -7*r**2 - 10*r - 10. Let q(p) = -6*h(p) - 17*s(p). What is q(-3)?
-1
Let o = 1 + 1. Suppose 3*w - 5*i + 10 = 0, -5*i = o*w - 3*w. Let y(p) = p**3 + 5*p**2 + 3*p + 7. Give y(w).
-8
Let z = -4 - -5. Let r(p) be the first derivative of 2*p**3 - 2 + 1 - 1. Determine r(z).
6
Let c(q) be the first derivative of -q**4/4 - q**3 - 3*q**2/2 + q - 2. Suppose -3*u - 15 = -8*u. Suppose -b + u = -2*b. What is c(b)?
10
Let b(q) be the third derivative of q**5/60 + 7*q**4/24 + 2*q**3/3 + 5*q**2. Let c be (-5)/(-10) - (-1)/(-2). Let a = c - 5. Give b(a).
-6
Suppose 4*s = g + 3*s - 3, g - 23 = 5*s. Let o = g - 2. Let x(a) = -a**3 - 3*a**2 + 8*a + 5. Let r(z) = z + 1. Let i(k) = -4*r(k) + x(k). Give i(o).
1
Let q be (-2 + 1)*(-6 - -1). Let v = -2 + 5. Let b(w) = v - q*w + w - w. Determine b(2).
-7
Let q(y) = -y**3 + y**2 - y - 1. Let h = -23 + 35. Let i = h - 7. Suppose -3*n + 2 = b, -i*b + 11 - 1 = 5*n. Give q(b).
-7
Suppose 2*t + 2*t = 0. Suppose 0*c - 5*c + 10 = t. Let i(h) be the first derivative of h**4/4 - h**3 + 3*h**2/2 - 3*h + 1. Determine i(c).
-1
Let f(a) = a**3 + 5*a**2 + 5*a + 4. Suppose 2*q + 9 = 1. Calculate f(q).
0
Let f(u) be the second derivative of -u**5/20 + u**4/3 + u**3 - 3*u**2 - u. Calculate f(5).
-1
Let c(o) = -o**3 + 6*o**2 - o - 1. Let r be 12/54 - 38/9. Let s = 2 - r. What is c(s)?
-7
Let b(a) be the third derivative of -a**4/12 + a**3/6 - 43*a**2 + 2. Let j = 0 + -1. Determine b(j).
3
Let n be 4*(1 - 0) - 1. Let m(j) = 5*j - 3 - j**3 - 1 + j**2 - 2*j + j**2. What is m(n)?
-4
Let p(l) = -l**3 + 7*l**2 + 2*l - 8. Let q be 10 + (-2 - -3) - 4. Calculate p(q).
6
Suppose 1 = f + 2*f + g, 0 = -4*f - 3*g - 7. Let k = 1 + 3. Let s(a) = 0*a**f - k*a**2 - a**3 - a**2. Determine s(-5).
0
Let z(g) = -g**2 + 2*g + 3. Let o(l) = 2*l**2 - 4*l - 2. Let s(a) = -2*o(a) - 3*z(a). Determine s(4).
-13
Let h(p) = -3*p. Let q(y) = -y - 2. Let l be q(-7). Let b = 5 - l. Let u be (2 - b)*-1 - 0. What is h(u)?
6
Let n(m) be the first derivative of m**5/10 - m**4/4 + m**2 + 6*m - 9. Let a(w) be the first derivative of n(w). Let b = 3 - 1. Calculate a(b).
6
Let t be -3*(-3)/18*0. Let x(p) = 2*p**2 - p**2 - 2*p - 2*p - 2 + t. Determine x(4).
-2
Suppose 5*r + 14 = 39, -16 = 2*w - 2*r. Let a(n) = n**3 + 3*n**2 + 2*n - 4. Calculate a(w).
-10
Let a(n) = 6*n + 1. Let f be a(-1). Let r(u) = u**3 + 4*u**2 - 6*u - 1. Give r(f).
4
Let q(b) be the first derivative of -b**4/4 + 4*b**3/3 + 5*b**2/2 + 3*b + 19. Suppose -3*a - 6 = -m + 4*m, -a - 3 = 0. Let r be 0 - 1/m - -6. Calculate q(r).
3
Suppose 14*s - 1 = 15*s. Let v(b) = 15*b**2. What is v(s)?
15
Let a(n) be the second derivative of n**5/20 - 5*n**4/12 + n**3/6 + 2*n**2 - n. Suppose 3 = s - 1. Let m be 9/(1 - s) + 7. Calculate a(m).
-8
Let g(f) = -3*f + 6. Let o = 1 - 2. Suppose 11 - 5 = h. Let d = o + h. Give g(d).
-9
Let i(d) = d. Suppose -2*q + 0 = -8. Suppose q*v + 5 = -v. What is i(v)?
-1
Let m(w) = -w**3. Suppose -4*j + j = 0. Suppose 4*k = 5*g - 3 - 9, j = -4*g + 2*k + 6. Let b be m(g). Let v(c) = -c**2 + c + 4. Determine v(b).
4
Let d(l) = l - l - l - 4. Suppose -4*w + 2*x + 15 = 3*x, 5*w - 5*x = 0. Let k = -3 + w. Give d(k).
-4
Let m(q) = -q**3 - 4*q**2 - 5*q - 4. Let v be m(-3). Suppose 0*t + v*t + 8 = 2*s, 0 = -s + 5*t + 12. Let w(i) = -i**2 + 4*i - 1. Give w(s).
3
Let l(r) = r + 10. Let x(m) = -m - 14. Let y be x(-6). Let v be l(y). Suppose -2*u - 24 = v*u. Let n(c) = c**3 + 6*c**2 - c - 7. What is n(u)?
-1
Let c(k) = 4*k**2 + 11*k + 4. Let v(s) = 2*s**2 + 5*s + 2. Let j(m) = -6*c(m) + 13*v(m). Calculate j(3).
17
Let b(h) = 7*h + 17 - 17. Let u be 9/2*12/(-9). Let c(k) = -k**2 - 7*k - 7. Let w be c(u). What is b(w)?
-7
Suppose z - 1 = -k - 0, -4*k = 4. Let g(y) = 3 - 2*y**2 + 0 - 2*y + y**z + 0*y**2. What is g(2)?
-5
Let w be 28/(-4)*1/(-1). Let d(o) = 2*o - w + 13 + o - o. Give d(-4).
-2
Let z = 43 + -26. Let x(m) = -7*m - 4. Let s(t) = 20*t + 13. Let f(o) = z*x(o) + 6*s(o). Let y be (8 - 5) + (-6)/2. Calculate f(y).
10
Let d(t) be the first derivative of 0*t**3 + 7 - t**4 + 0*t - 1/2*t**2. Give d(-1).
5
Suppose -2*k - 8 = -4*k. Let s(d) be the third derivative of 1/8*d**4 + 3*d**2 + 0*d - 1/3*d**3 + 0. Give s(k).
10
Let n = -190 + 191. Let i(f) = -10*f. Let m(y) = 5*y. Let o(h) = 6*i(h) + 11*m(h). Determine o(n).
-5
Let q be (-6)/(-27) - (-34)/9. Let z(n) = -2 - 69*n**3 - n**2 + q*n**2 + 70*n**3. Determine z(-2).
2
Let z(k) be the third derivative of -k**6/720 - k**5/40 + k**4/8 + k**2. Let r(v) be the second derivative of z(v). Determine r(-3).
0
Let l(m) = -2*m**2 - m + 9. Let n(s) = 5*s**2 + s - 28. Let d(h) = -10*h**2 - h + 57. Let g(x) = -2*d(x) - 5*n(x). Let v(z) = 3*g(z) - 8*l(z). Determine v(0).
6
Let l(r) = 1 + 2*r + 8*r**2 - 3*r**2 - 6*r**2. What is l(3)?
-2
Suppose -p + 5*g + 6 = 0, 0 = -5*p + 3*g + 2*g + 10. Let l(f) = -6*f. What is l(p)?
-6
Let z(l) = -4*l + 0 - 1 - l. Let q(d) = -d**2 - 6*d - 1. Let v(g) = -5*q(g) + 6*z(g). Determine v(-1).
4
Let x(w) = -w**3 - 4*w**2 + 8*w + 5. Suppose 0 = 3*t - 3*d + 9, 4*t + 14 = 4*d - d. Determine x(t).
-10
Suppose p = -p - 5*i + 13, 0 = -2*i + 2. Let x(f) be the first derivative of -1 - 1/4*f**p - 1/3*f**3 - 4*f + 3/2*f**2. Determine x(-3).
5
Let m(f) = 6*f**3 + 3*f**2 - 3*f + 11. Let y(r) = 5*r**3 + 3*r**2 - 2*r + 10. Let z(w) = 6*m(w) - 7*y(w). Determine z(4).
-4
Let x(r) = -r + 6*r**2 - 3*r**3 + 2*r**3 + 13 - 5. What is x(6)?
2
Let b(d) be the second derivative of -d**3/3 + 9*d**2/2 - 46*d. Suppose z = 2*z - 6. Determine b(z).
-3
Suppose -3*p + 4*p = -8*p. Let d(c) = 3*c - 2 + 0*c - 2*c. What is d(p)?
-2
Let a = -7 + 12. Let k(f) be the third derivative of f**4/24 + 5*f**2. Give k(a).
5
Let q(v) = -4*v**2 - 4*v + 5*v**2 + 9 + 13*v. Let b(p) = 2*p**2 - 21*p - 18. Let d be b(11). What is q(d)?
-5
Suppose 4*w - 8 = 4*k - 0, k = -2. Let l(c) = -c**2 + c - 6. What is l(w)?
-6
Let q = -11 + 15. Let r(v) = v**3 + 4*v**2 + 3*v + 3. Let f be r(-3). Let p(d) = 3 + 3*d + d**f - 5*d**2 + d + 0*d**2. Give p(q).
3
Suppose 2*o + 8 + 9 = -3*i, 4*i + 4*o = -20. Let r be -2 - 0 - 1 - i. Let m(l) = -2*l - 4*l**2 - r*l + l + 3*l**2 + 3. Give m(-4).
7
Let v be (-24)/(-10) - (-4)/(-10). Let x(n) = -3*n**2 + 4*n**2 + n + v*n**3 + 3*n**3 + 1. Give x(-1).
-4
Let p(a) = a. Let j be p(9). Let l(n) = -n**3 + 5*n**2 + 7*n + 2. Let r(o) = -5*o**3 + 20*o**2 + 29*o + 8. Let c(y) = j*l(y) - 2*r(y). Determine c(-3).
5
Let m(u) be the third derivative of u**6/120 + u**5/10 - 5*u**4/24 + 3*u**3/2 - u**2. Suppose -b = -3*i + 3*b - 17, -3*b + 32 = -5*i. Calculate m(i).
-5
Let s(f) = f + 3. Let m(c) = -3*c - 8. Let b(y) = -4*m(y) - 11*s(y). Let j(a) = 6 + 1 - 7*a + 1 - 3. Let r(v) = 6*b(v) + j(v). Calculate r(5).
-6
Let d = -1 + 0. Let h = d - -2. Let s = -2 + h. Let u(x) = 2*x**2 + x. Determine u(s).
1
Let j(n) be the first derivative of n**6/40 + n**4/12 - n**3/6 - n**2/2 + 2. Let b(v) be the second derivative of j(v). Determine b(1).
4
Let w(s) = 3*s**2 - 3*s - 1. Let n(k) = 4*k**2 - 4*k - 1. Let a(i) = 5*n(i) - 6*w(i). Determine a(2).
5
Let t(p) = -p + 3. Let x be t(2). Let o(u) = 5*u + 1. Determine o(x).
6
Let t be 6/8*2*-2. Let i be t*6/(-9) + 1. Suppose -6 - 3 = i*s. Let y(o) = o**3 + 2*o**2 - 5*o - 3. Calculate y(s).
3
Let w(u) = u**3 + u + 1. Suppose 0 = -q + 1 - 0. Let k = q + -1. Give w(k).
1
Su